t common factor of 6228 and 2568531.
519
Calculate the highest common factor of 602667555 and 1267.
1267
Calculate the highest common divisor of 242762028 and 2568.
1284
Calculate the greatest common factor of 29768263 and 11473.
1043
What is the highest common divisor of 197208 and 21009956?
3652
What is the highest common factor of 1540 and 8949028?
44
Calculate the highest common divisor of 309 and 20291.
103
What is the greatest common factor of 128 and 10859704?
8
Calculate the highest common factor of 9332 and 7388611.
2333
What is the greatest common divisor of 178 and 113393921?
89
Calculate the greatest common divisor of 823 and 68633262.
823
What is the highest common divisor of 3667403 and 148?
37
What is the greatest common factor of 16758080 and 85?
5
Calculate the highest common factor of 218 and 24872.
2
Calculate the greatest common factor of 64 and 17317568.
64
What is the greatest common factor of 42233 and 2655498?
157
Calculate the highest common divisor of 4248 and 814784.
8
What is the highest common factor of 170 and 221155890?
170
Calculate the highest common factor of 15318193 and 517.
517
Calculate the highest common factor of 89125 and 69396290.
3565
What is the greatest common factor of 13299 and 150579?
429
What is the greatest common divisor of 18 and 23947536?
6
Calculate the greatest common factor of 3 and 200470821.
3
What is the greatest common divisor of 127220 and 1348?
4
Calculate the highest common factor of 780 and 149685180.
60
What is the highest common factor of 7178308 and 16341?
419
Calculate the greatest common factor of 72928540 and 10.
10
Calculate the greatest common divisor of 9560 and 98845620.
4780
Calculate the highest common divisor of 980 and 42902881.
49
What is the highest common divisor of 89 and 119332?
1
What is the greatest common factor of 307464 and 7908?
12
Calculate the highest common divisor of 94052 and 2324.
28
Calculate the greatest common divisor of 432 and 131100336.
432
What is the greatest common divisor of 411249 and 11020?
29
Calculate the greatest common divisor of 310 and 31476470.
310
Calculate the highest common factor of 897 and 3486977.
13
Calculate the highest common factor of 13045 and 46465.
5
Calculate the highest common divisor of 1222148 and 164828.
356
Calculate the greatest common divisor of 25242475 and 3555.
395
Calculate the greatest common divisor of 3780 and 7606116.
756
What is the greatest common factor of 1544821 and 23960?
599
Calculate the highest common divisor of 12024 and 107064702.
3006
What is the greatest common divisor of 93384 and 144?
72
What is the greatest common divisor of 3025116 and 156060?
612
What is the highest common factor of 1113800 and 43100?
100
Calculate the greatest common factor of 465 and 28782045.
15
What is the highest common factor of 25754 and 2370?
158
What is the greatest common factor of 57674155 and 770?
385
Calculate the greatest common factor of 875 and 121261625.
125
Calculate the greatest common divisor of 5561 and 268871.
67
What is the greatest common factor of 38986 and 3088?
386
What is the highest common factor of 45312 and 71626?
118
What is the greatest common divisor of 32358 and 276590791?
5393
What is the greatest common factor of 854672 and 168?
56
Calculate the greatest common factor of 551 and 93261419.
29
What is the highest common factor of 1248448 and 10432?
64
Calculate the highest common factor of 366 and 145074.
6
What is the greatest common factor of 190986 and 792111?
687
What is the greatest common factor of 23070943 and 333?
37
Calculate the highest common divisor of 8917 and 862539.
241
What is the greatest common divisor of 2479139 and 11362?
247
What is the highest common factor of 2289936 and 2948?
44
Calculate the greatest common divisor of 816 and 54566277.
51
Calculate the highest common divisor of 343 and 8775823.
7
What is the greatest common factor of 9196238 and 13115?
2623
What is the highest common divisor of 264 and 157488232?
88
Calculate the greatest common factor of 22644 and 211196.
148
Calculate the greatest common divisor of 13355 and 6485.
5
What is the highest common divisor of 22925385 and 562?
281
What is the highest common divisor of 544 and 56670860?
68
What is the greatest common divisor of 180 and 1460010?
30
What is the greatest common divisor of 156742 and 1977250?
1438
What is the highest common divisor of 78 and 392464514?
26
Calculate the highest common divisor of 13 and 34066643.
13
Calculate the greatest common divisor of 14417 and 1888679.
13
What is the highest common factor of 286523522 and 6?
2
What is the greatest common factor of 4000 and 8530400?
800
Calculate the greatest common factor of 16624859 and 5053.
163
Calculate the highest common divisor of 4558 and 1970917943.
2279
Calculate the greatest common divisor of 124197521 and 7.
7
What is the greatest common factor of 265959557 and 69?
23
Calculate the highest common factor of 45428 and 13817.
41
Calculate the greatest common divisor of 5977344 and 551688.
4344
What is the greatest common divisor of 1167408 and 29304?
792
Calculate the highest common divisor of 1522710 and 21294.
126
What is the highest common divisor of 68 and 780470884?
68
Calculate the highest common factor of 43926441 and 1677.
39
Calculate the highest common divisor of 78658 and 43818.
134
Calculate the greatest common factor of 33225312 and 6.
6
Calculate the greatest common divisor of 1682230 and 4422.
22
What is the greatest common divisor of 1200819 and 2337?
57
What is the greatest common factor of 12337860 and 1520?
20
Calculate the greatest common factor of 32482164 and 308.
44
Calculate the greatest common factor of 6120942 and 114.
6
Calculate the greatest common divisor of 871 and 12127.
67
Calculate the highest common factor of 4942773 and 3861.
99
Calculate the highest common factor of 3249 and 437063061.
1083
Calculate the greatest common divisor of 42 and 10354708.
14
Calculate the highest common divisor of 2816 and 146176.
256
Calculate the greatest common divisor of 1000 and 17674000.
1000
Calculate the greatest common divisor of 94905 and 2921535.
2565
What is the highest common divisor of 2476332 and 25920?
324
Calculate the highest common divisor of 91732201 and 129.
43
Calculate the greatest common factor of 44 and 462893266.
22
Calculate the highest common factor of 39497 and 33909.
127
What is the highest common factor of 6024 and 322122105?
753
What is the highest common divisor of 1413594 and 2954?
14
Calculate the highest common factor of 6452523 and 18018.
693
What is the highest common divisor of 69479350 and 350?
50
Calculate the greatest common divisor of 876044 and 676.
52
Calculate the greatest common divisor of 4862196 and 17527.
1031
What is the greatest common divisor of 1467 and 268914303?
1467
Calculate the highest common divisor of 610850 and 60442.
1286
What is the highest common divisor of 175435180 and 38780?
5540
What is the highest common factor of 1740351 and 3074976?
10677
Calculate the greatest common factor of 20628 and 234010908.
6876
What is the highest common factor of 188183472 and 17?
17
What is the greatest common factor of 707784 and 4312?
616
Calculate the greatest common divisor of 64797852 and 84.
84
Calculate the greatest common factor of 6697 and 136836.
181
Calculate the greatest common factor of 256272 and 16340.
76
What is the highest common divisor of 13572 and 6089850?
234
Calculate the highest common factor of 3592 and 423746893.
449
What is the greatest common divisor of 200 and 187900?
100
What is the greatest common factor of 334714561 and 43269?
14423
What is the highest common divisor of 64957980 and 4120?
2060
Calculate the highest common factor of 42 and 1336147134.
42
What is the highest common factor of 1768511584 and 16?
16
Calculate the greatest common factor of 2171 and 2232289.
167
What is the greatest common factor of 5266188 and 135?
27
What is the greatest common divisor of 54096 and 3072?
48
Calculate the greatest common factor of 44842331 and 1795.
359
Calculate the greatest common divisor of 1633370 and 80.
10
What is the highest common factor of 4024 and 346414088?
4024
What is the greatest common divisor of 6136 and 3952351?
767
Wh